t m = o + a. List the prime factors of m.
47
Suppose -35*b + 51*b - 208 = 0. Suppose 4*p - 68 + 4 = 0. Let z = p + b. List the prime factors of z.
29
Let g(n) = -6*n + 468. List the prime factors of g(4).
2, 3, 37
Suppose 4*p = -3*q + 153428, 3*p = 4*p - 3*q - 38342. What are the prime factors of p?
2, 127, 151
Suppose -3*r = 4*h - 731 - 246, -h = 5*r - 1634. Suppose -4*t + r = -1101. What are the prime factors of t?
3, 7, 17
Let t(b) = -25*b + 178. Suppose 140*o - 133*o + 119 = 0. What are the prime factors of t(o)?
3, 67
What are the prime factors of ((-8228600)/(-128) - 7) + (-13)/(-208)?
64279
Suppose -2*n - 2*d - 186 = -6*d, 2*n + 5*d = -204. Let t = n - -93. List the prime factors of -2 - ((-724)/4 + t).
3, 61
Let k = -464 + 275. List the prime factors of (-398)/(-9) + 2 - (-42)/k.
2, 23
Suppose 0 = -10*x + 228764 - 86116 + 409452. What are the prime factors of x?
2, 5, 5521
Let i(a) = -827*a + 3968. List the prime factors of i(-4).
2, 17, 107
Let d(r) = 732*r**2 + 1118*r - 16. What are the prime factors of d(-12)?
2, 11497
Let i = 296 + -293. Suppose 465 = 5*v + 3*b, 8*v - i*v - 485 = b. What are the prime factors of v?
2, 3
Let d = 401 + -400. List the prime factors of (5 + 0 + -4)/(d/373).
373
Let w(t) = -1873*t - 296. List the prime factors of w(-6).
2, 5471
Let m = -33 + 52. Let k(s) = 16*s - 21. Let p be k(m). Suppose -14*c = -1103 - p. What are the prime factors of c?
3, 11
Let p(y) = -y**3 + 7*y**2 - 4*y - 5. Let q = 63 - 79. Let v(f) = 3*f + 52. Let d be v(q). What are the prime factors of p(d)?
3
Let h = -695 + 3080. What are the prime factors of h?
3, 5, 53
Suppose -3*g - 1620 = 7*g. Let p = -151 - g. List the prime factors of p.
11
Suppose -16 = 4*r, 2*v + 1196*r - 1200*r - 100086 = 0. List the prime factors of v.
5, 10007
Let d be (-1 + -1)*(-18550)/20. Suppose 3*f + 3*s = 1395, -4*f = s + 4*s - d. List the prime factors of f.
2, 5, 47
Let q = -5306 + 12817. List the prime factors of q.
7, 29, 37
Suppose -3*s + 3*b + 1 + 2 = 0, 7 = 5*s - 3*b. Suppose 2*k + 2*d = 12, 5*d = -s*k + 4*k - 12. What are the prime factors of ((-21)/(-6))/(k/24)?
2, 7
Let q(f) be the first derivative of 3*f**2/2 + 7*f + 11. Let a be 13 + 3/(-3)*-2. What are the prime factors of q(a)?
2, 13
Let t = 52 - 26. Suppose t*g + 244 = 27*g. Let n = g - 162. List the prime factors of n.
2, 41
Suppose q = -3*j - 3*q + 21, 4*j + 3 = 5*q. Suppose -z + j*z - 116 = 0. Suppose 0 = -4*d + c + 42, 5*c - c + z = 5*d. What are the prime factors of d?
2, 5
Let i be 2 - (276/(-6) - 4). Suppose -47*b + i*b - 3775 = 0. What are the prime factors of b?
5, 151
Let p be (-2)/3*(-9)/2. Let c(q) = -8*q**2 + 39*q + 59. Let t be c(6). Suppose -402 = -t*m + v, -4*m + 2*m + p*v = -166. What are the prime factors of m?
2, 5
Suppose -m - 5*z - 6 = 25, -4*m - 61 = -z. Suppose 5*o - 87 = 2*o + 5*r, 0 = -3*r. Let n = o - m. List the prime factors of n.
3, 5
Suppose -15 = 8*m - 13*m. Suppose -3*h = m*w, 11*h = w + 8*h - 16. Suppose -5*v + 1120 = -w*y, v + 3*v - 4*y - 892 = 0. What are the prime factors of v?
2, 3, 19
Let q = 6 + 487. Suppose -3*v + 787 = 5*l, 0*v - 3*l = -2*v + q. Suppose 0*o = 3*f + o - 391, -2*o = 2*f - v. List the prime factors of f.
2, 3, 11
Let w(i) = i**3 - 34*i**2 + 239*i + 53. What are the prime factors of w(26)?
859
Let j(m) = m**3 + 20*m**2 + 33*m - 56. Let z be j(-18). What are the prime factors of (4/1 + 445)*z/(-2)?
449
Let d(j) = 2*j**2 - 14*j - 14. Let g be d(8). Let u(c) = -5*c**2 - c**3 - 71*c - 10 + 92*c + 2*c**g. What are the prime factors of u(-7)?
3, 13
Let m(n) = -n**3 + 11*n**2 - 7*n - 12. Let y be m(10). Let q be -3 + 2542/y - 8/36. Suppose 0 = 8*r - 10*r + q. What are the prime factors of r?
3, 23
Suppose 108 = 2*q + q. Suppose -2011 = -3*k + m, q = 2*k - 3*m - 1293. Suppose -3*l - k = -10*l. What are the prime factors of l?
2, 3
Suppose 9*x - 3576 - 2013 = 0. What are the prime factors of x?
3, 23
Suppose -2*a = 3*x - 9246, 0 = -31*a + 30*a. What are the prime factors of x?
2, 23, 67
Let w be (8 - 3) + (-2 - -41). List the prime factors of (w*(-9)/(-2))/2.
3, 11
Let y(h) = -h**3 + 25*h**2 + 28*h - 50. Let o be y(26). What are the prime factors of ((-5875)/o)/(-5) + 5/(-2)?
3, 5, 13
Suppose -15 = 5*g, 6*o - 2*o + g + 131 = 0. Let f = o + 31. What are the prime factors of f*(-1 - -77)/(-2)?
2, 19
Suppose 13*q + 136 = 2*k + 10*q, -4*k - 4*q + 252 = 0. List the prime factors of (-12368)/(-52) - (-10)/k.
2, 7, 17
Let h = 44 - 14. Let i be 32/(-40)*(-50)/4. List the prime factors of (504/h)/(3/i).
2, 7
Suppose d = -4*n - 4, -5*d - 4 = 2*n - 20. Let a be -2*(-1 + 2)*n. Suppose -16 = 4*t, a*z - 76 - 8 = 4*t. List the prime factors of z.
17
Let o(t) = -22*t - 147. Let q be o(3). Let a = 869 + q. List the prime factors of a.
2, 41
Let v(q) = 9*q + 3. Let m(y) = 10*y + 3. Let a(k) = -7*m(k) + 6*v(k). List the prime factors of a(-4).
61
Let u = -19 - -21. Suppose 12 - u = 5*o. Suppose 3*g - 262 = -5*t, 0*g + 5*g = o*t + 478. What are the prime factors of g?
2, 47
Let j(x) = 2*x**3 + 4*x**2 + 2*x - 156. Let h(r) = r**3 + 3*r**2 + 2*r - 157. Let s(q) = -3*h(q) + 2*j(q). What are the prime factors of s(0)?
3, 53
Let p(q) = -q**3 - 8*q**2 - 11*q - 10. Let j be p(-7). Suppose -j + 102 = 6*i. Suppose -11*a = -140 - i. List the prime factors of a.
2, 7
Suppose -3*z + 30 = -2*z. Suppose 0 = 2*l - 5*l - z. Let g(k) = -k**3 - 9*k**2 + 4*k - 16. List the prime factors of g(l).
2, 11
Suppose -28 = 2*n - 4*n. Let g be (-7)/(n/(-164)) - -4. Suppose -g - 49 = -5*z. What are the prime factors of z?
3
Let r be 1713/(((-12)/8)/(6/(-12))). Suppose 2*j - 3*f = r, 0 = -4*j + 8*j + 4*f - 1112. List the prime factors of j.
281
Suppose 4*t + 35 = 5*o, 8*o + 3*t = 3*o. Suppose 44*j - 3*h = 40*j + 1877, 2*j = o*h + 943. What are the prime factors of j?
467
Suppose 11 = -4*d - g - 0*g, 0 = -d - 3*g. Suppose 33 - 111 = -13*z. List the prime factors of 3 + 69 + -1*(d + z).
3, 23
Suppose 5*l + 388 = 9*l. Let z = 26 + 25. Let p = l - z. What are the prime factors of p?
2, 23
Let x(t) = -3*t**2 - 10*t + 27. Let q be x(5). Let a = q - -110. Suppose -240 = 9*m - a*m. List the prime factors of m.
2, 5
Suppose 72*l + 6 = 71*l. Let x be ((-3)/l)/((-8)/(-80)). Suppose x*i = i + 372. What are the prime factors of i?
3, 31
Let n(h) = 1794*h + 404. List the prime factors of n(7).
2, 6481
Suppose -646914 = -19*j - 66008. List the prime factors of j.
2, 15287
Let l(f) = 4212*f**3 + 2*f**2 - 12*f - 15. List the prime factors of l(2).
5, 6733
Let f = 874 + 36. Let u = f + -476. List the prime factors of u.
2, 7, 31
Let h be (-6 - (-17)/1)*-1. Let z(d) = 5*d + 87. List the prime factors of z(h).
2
Let q(l) = 3*l**2 + 3*l. Let x = 45 - 44. Let g be q(x). List the prime factors of 556/g*(-24)/(-16) - 2.
137
Suppose 66*y = 75*y - 108. Suppose 0 = -20*l + y*l + 7616. List the prime factors of l.
2, 7, 17
Let a be (-10)/45 - 29/(-9). Suppose 15*f - 4*i = 18*f - 653, 2*f - 426 = -5*i. Suppose a*x = 2*y - f - 48, 2*y - 272 = 2*x. What are the prime factors of y?
137
Suppose 19*t + 31*t + 103664 = 81*t. What are the prime factors of t?
2, 11, 19
List the prime factors of (-1632)/(-85)*5175/18.
2, 3, 5, 23
Let g be (-1)/((-4)/(-2008) + (0 - 0)). Let o = g + 773. What are the prime factors of o?
271
List the prime factors of (-8)/(-36) - 4146*3507/(-567).
2, 3, 2137
Let l(f) be the first derivative of f**4/4 + 4*f**3/3 + f**2/2 - 2*f - 21. Let x be l(-4). List the prime factors of x/21 + 909/(-21)*-1.
43
Let i(f) = 310*f**2 + 43*f + 2. List the prime factors of i(-5).
7537
Let h = 85 + -80. Suppose 0 = -h*f + 645 + 315. Let s = -81 + f. List the prime factors of s.
3, 37
Let p(x) = x**3 + 10*x**2 - 16*x - 14. Let m = -45 + 33. Let g be p(m). What are the prime factors of (56/(-10))/(4/g)?
2, 7, 11
Let q = -52 + 42. Let w be ((-8)/(-10))/(-2)*q. Suppose -4*f - 3 - 5 = 0, -313 = -3*u - w*f. What are the prime factors of u?
107
Let i(g) = -19*g**3 - 9*g**2 + 56*g + 590. List the prime factors of i(-9).
2, 13, 127
Suppose -n = 4*n - 65. Let a be 2/10 + n/(260/6696). Suppose 2*t + 4*c - 179 + 33 = 0, 0 = 5*t - 5*c - a. What are the prime factors of t?
3, 23
Let x(z) = -z + 30. Let m be x(20). What are the prime factors of 4/((-80)/(-4204)) + (-2)/m?
2, 3, 5, 7
Let x be 1 - (-2)/2*23. Let t(y) = -5*y**2 - 44*y + 